(-1) + 277?
False
Suppose -14*h + 120 = -2*h. Suppose 146 = 2*k - 3*r, 188 - h = 2*k + 5*r. Does 32 divide k?
False
Let h(i) be the second derivative of 33*i**4/2 + i**3/6 + i**2 + 34*i. Does 10 divide h(-1)?
False
Let t(x) be the third derivative of -x**4/24 - 2*x**3 - 4*x**2. Let l be t(-17). Is 17 a factor of l/2*(-318)/(-15)?
False
Let p = 3680 + -688. Suppose -p - 80 = -12*k. Is 12 a factor of k?
False
Let y = -8 + 12. Let m(b) = y + b - b + b. Does 4 divide m(11)?
False
Suppose 5*o - 1020 = 4*n + n, -2*o = -4*n - 400. Suppose 2*d + o = 6*d. Does 18 divide d?
False
Let v(w) = 128*w**2 - 2*w - 4. Let p be v(-2). Suppose 4*z + 3*f - p = -f, 5*z = 4*f + 640. Does 32 divide z?
True
Suppose 1029*d + 525 = 1032*d. Is d a multiple of 4?
False
Let a(g) = -g**3 + 2*g**2 + 3*g + 3. Let t = -11 + 15. Let w be a(t). Let i = -6 - w. Is i a multiple of 11?
True
Suppose -m - 2*m - 5*w - 170 = 0, -5*m - 308 = -4*w. Suppose -12*i + 22 = 10*i. Does 14 divide m*-4*i/5?
False
Suppose -2*z + 140 = 5*z. Let g = 20 - z. Suppose -2*k + 14 = 3*j + j, -j - k + 4 = g. Is j a multiple of 3?
True
Let z be (-2 - -2) + -45 + -2. Let q be 2/(-1) + 108 + -3. Let b = z + q. Is b a multiple of 19?
False
Let l(n) = n**3 - 5*n**2 + n + 7. Let q be l(5). Suppose q = 11*h - 15*h. Is 31 a factor of h/(-24) + 1101/24?
False
Suppose 129 + 421 = 5*p. Let s = 158 - p. Does 16 divide s?
True
Suppose -6*q = -29*q + 15525. Does 12 divide q?
False
Let f(v) = -2353*v**3 - 11*v - 12. Does 20 divide f(-1)?
False
Let f = 2676 + -838. Does 7 divide f?
False
Let q = -644 + 1702. Is 12 a factor of q?
False
Does 8 divide (-237 + -97)*(-1 + -3 + 0)?
True
Let j(b) be the third derivative of -b**6/120 - b**5/15 - 18*b**2. Suppose 8 = -2*m + d, -m - 2 + 0 = -d. Does 24 divide j(m)?
True
Let z(l) = l**2 - 4*l**2 - 7 + 6*l + 2*l**2 + 3. Let c be z(4). Let b(t) = 7*t - 6. Is 9 a factor of b(c)?
False
Let j(z) = 11*z**2 + 29*z + 5. Let k(g) = -5*g**2 - 14*g - 2. Let y(m) = -4*j(m) - 9*k(m). Is 9 a factor of y(-11)?
True
Let g be 71 + (4 - 3) + -3. Let h = g - 34. Is 20 a factor of 714/h + 2/(-5)?
True
Suppose 4*b + 67*m = 70*m + 6928, -3*m - 1723 = -b. Is b a multiple of 28?
False
Let y = 61 + -63. Is 4 a factor of ((-116)/(-16))/((-27)/(-12) + y)?
False
Let k(p) = -p**2 + 3*p + 20. Let s be k(6). Let z = 5 - 7. Is 7 a factor of (s*23/z)/(-1)?
False
Suppose 0 = p + 3*p + 2*f + 384, -106 = p + 3*f. Let z = 82 - p. Is z a multiple of 11?
True
Let v(l) = -l + 862. Is v(0) a multiple of 87?
False
Let s(q) = q**2 + 9*q + 5. Let o be s(-7). Does 12 divide (6/(-2) + o)*-2?
True
Suppose -9*i + 13*i = 2*f - 1120, i = 4*f - 2247. Does 54 divide f?
False
Suppose -5*f = -3 - 7. Let w = f - 0. Does 13 divide (-57)/(-3) + 2/w?
False
Suppose 5*d + 20 = 3*t, d - 2*t - 2*t + 4 = 0. Let i(w) = -w**2 - 4*w + 4. Let f be i(d). Suppose 4*m - 2*p - 136 = -f*p, -3*m + 89 = -5*p. Is 8 a factor of m?
False
Suppose 0*w - 340 = -5*q + 5*w, 0 = -4*w - 8. Suppose q = 3*z + 39. Is 3 a factor of z?
True
Suppose 2*j + 3*j = 0. Suppose j = -p - 4*p - 3*k + 734, p - 158 = 5*k. Is 38 a factor of p?
False
Suppose -26748 = 1534*t - 1540*t. Does 139 divide t?
False
Let a = -11 - -25. Let k = a + -12. Suppose 0 = -3*q - k*q + 195. Is q a multiple of 13?
True
Let c(h) = h**3 - 6*h**2 - 3*h - 1. Let i be c(5). Let o = i + 59. Is 3 a factor of o?
True
Let f = 3890 + -2602. Does 23 divide f?
True
Let v(f) = -23*f - 12. Let u(p) = 3. Let n(b) = -5. Let a(q) = 5*n(q) + 8*u(q). Let g(w) = -22*a(w) + 2*v(w). Is 30 a factor of g(-2)?
True
Suppose 0 = 4*l + i - 0*i - 18, -4 = 2*i. Suppose -3*x = l*t - 414, -x - 213 = -2*t - 43. Is t a multiple of 21?
True
Is 122 + 24/(12 - 4) a multiple of 54?
False
Is 8 a factor of 1720/(-258)*1*-6?
True
Let l = -50 + 53. Let s be (-13)/(-3) + 3/(-9). Suppose 5*r - m + 7 = 36, -s*r + l*m + 32 = 0. Is r a multiple of 2?
False
Let f(i) = -i + 3. Let a(r) = -4*r + 16. Let q(t) = -3*a(t) + 14*f(t). Let w(z) = -z - 7. Let x(v) = 4*q(v) - 5*w(v). Does 10 divide x(-10)?
False
Let m(b) = -195*b + 104. Is 13 a factor of m(-5)?
True
Suppose c - 4*c + 2 = 2*z, 4*z - 4 = 5*c. Suppose -4*f + a + 156 - 10 = c, 0 = -4*f - a + 142. Is 6 a factor of f?
True
Let b(i) = -i**3 + 5*i**2 + 3*i - 5. Let c be b(-4). Let u = c - 9. Does 29 divide u?
False
Does 8 divide -3 - ((-1 + 1)*1 + -118)?
False
Let d(o) be the second derivative of o**5/20 + o**4/12 + 5*o**3/6 - 9*o. Is 35 a factor of d(5)?
True
Let i(t) = t**3 - 9*t**2 + 10*t - 15. Let s be i(8). Let r = 6 - s. Does 2 divide r?
False
Suppose -4*v + 17 = 5. Let l = 61 + -11. Suppose p = -v, 4*x - l = -p + 67. Is 10 a factor of x?
True
Let x be (-4)/(-8)*(2 - -14). Let f = x - 2. Suppose -3*y + f = 0, 0*a = 5*a - 5*y - 125. Is a a multiple of 9?
True
Let q = -52 - -242. Is 31 a factor of q?
False
Suppose 2*j = 5*c - 11541, c = -0*j + 2*j + 2313. Is c a multiple of 13?
False
Let o = -44 + 56. Is ((-185)/(-15))/(4/o) a multiple of 11?
False
Let v(m) = -m**2 - 11*m - 2. Let i(h) = h. Let b(f) = 5*i(f) + v(f). Let n be b(-5). Suppose n*j + 12 = 0, 2*y + 0*j = 2*j + 36. Does 14 divide y?
True
Let q = 22 + -19. Let d be (q - 6) + -1 + 29. Let j = d - 0. Is j a multiple of 6?
False
Let p(h) = h - 17*h**3 + 8*h - 11*h - 4*h**2 + h**2. Is p(-1) a multiple of 3?
False
Let i(d) = 19*d - 25. Let r = -21 + 27. Is 35 a factor of i(r)?
False
Suppose 3*g + 1223 = l + 5668, -l + 1 = 0. Is 78 a factor of g?
True
Is 46 a factor of 2/8 + ((-271215)/(-20))/9?
False
Let b(o) = 4*o + 1. Let d(y) = -y. Let a(h) = b(h) + 6*d(h). Let q be a(2). Is (-2)/(-3*q/(-18)) a multiple of 2?
True
Let q(x) be the first derivative of x**4/4 - 4*x**3/3 + 5*x**2/2 - 6*x - 8. Is q(6) a multiple of 12?
True
Suppose 2*p - 13*p + 33 = 0. Let o(w) = w**3 + 2*w**2 + 2*w + 5. Does 8 divide o(p)?
True
Let r(z) = z**3 - 5*z**2 - 19*z + 2. Let c(g) = -g**2 - 10*g - 8. Let q be c(-8). Is r(q) a multiple of 9?
False
Let q(w) = w**3 - 4*w**2 + w - 1. Let f be q(4). Suppose 0*s - f*s = a - 36, -4*a + 111 = s. Is 9 a factor of a?
True
Let b(s) = 110*s**2 - 4*s - 16. Is b(-4) a multiple of 88?
True
Suppose 5*t - 170*d - 2676 = -174*d, -3*t + 2*d = -1610. Is 7 a factor of t?
False
Suppose 2*f + 3*x + 13 = -11, f + 1 = 4*x. Let i(r) = 14*r**2 - 28*r. Let y be i(7). Is 23 a factor of 6/f - y/(-6)?
False
Suppose l - 6*l = -30. Let r be ((-24)/10)/(l/60). Does 14 divide (r/(-16))/((-6)/(-104))?
False
Suppose c + 4*w + 26 = -0*c, -2*w + 50 = -4*c. Let y = 24 + c. Let i = 32 - y. Is 20 a factor of i?
False
Suppose 44*t = 8722 + 1178. Is t a multiple of 9?
True
Suppose 5*n = 3*n + 4*m + 732, 363 = n - m. Does 15 divide n?
True
Let r be (141/9 - -1)*957/22. Suppose 5*l - r = 5*i, 0 = -6*l + 2*l + 5*i + 583. Is 28 a factor of l?
False
Let t(q) = 59*q**2 - q + 12. Suppose -w + 15 = 2*w. Let n be t(w). Does 3 divide 2/(-7) + n/91?
False
Let b(q) = q**2 - 9*q - 22. Let i be b(11). Suppose -4*w = -i*w - 56. Does 7 divide w?
True
Suppose 0 = -3*h + 5*d - 15, -4*h + d + 3*d = 12. Let v(m) = 6*m**2 + 3*m + 2. Let y be v(-1). Suppose -4*f - 20 = h, -y*g + 100 = 2*f + f. Is 23 a factor of g?
True
Suppose -4*u - 5*m - 430 = 0, -3*u + 2*m = -2*m + 307. Is (-32)/2*u/14 a multiple of 35?
False
Does 8 divide ((-2)/6)/(-1 - 92/(-96))?
True
Suppose 0 = -3*l - 2*p + 949 + 171, 372 = l + 2*p. Is l a multiple of 11?
True
Let z = -8 + 8. Suppose 3*b - 5*l + 56 = z, -l = b + l + 15. Let k = 37 + b. Is 10 a factor of k?
True
Suppose 0 = -4*f - 5*o + 321, 4*f - 5*o - 271 = -0*f. Suppose -3*b - 61 - f = 0. Is 13 a factor of ((-26)/(-3))/((-10)/b)?
True
Suppose 1 = 3*h - 2. Let i be (-1 + h + 1)*37. Let j = i + 20. Is j a multiple of 15?
False
Let y be 4/(-26) + (-648)/13. Let r = y + 54. Is 4 a factor of r?
True
Let m(r) = -3*r + 0*r - 11*r**3 - 8*r**3 + r**2 + 4*r**3. Is 10 a factor of m(-2)?
True
Let l be 10*1/((-3)/3). Let q = l + 6. Let n(o) = o**2 + 2*o + 5. Does 11 divide n(q)?
False
Let p(q) = -q**2 + 9*q - 8. Let d be p(8). Suppose -3*s + 3*g = -45, 3*s + d*s + g - 45 = 0. Does 5 divide s?
True
Is 8 a factor of (-16)/5*8/(80/(-225))?
True
Let h(p) = -p - 13. Let i be h(-19). Suppose -b = i + 19. Let n = -4 - b. Does 7 divide n?
True
Let w be ((-21)/56*-4)/((-6)/(-412)). Let s = 159 - w. Does 14 divide s?
True
Is 8 a factor of 79 + 10 + (-1)/(3/3)?
True
Suppose 